{"id":365,"date":"2024-05-29T09:14:24","date_gmt":"2024-05-29T09:14:24","guid":{"rendered":"https:\/\/neubachverlag.de\/?page_id=365"},"modified":"2025-12-09T06:41:05","modified_gmt":"2025-12-09T06:41:05","slug":"unsere-autoren-2","status":"publish","type":"page","link":"https:\/\/neubachverlag.de\/?page_id=365","title":{"rendered":"Unsere Autoren"},"content":{"rendered":"\n<div class=\"wp-block-uagb-container uagb-block-15e54eb1 alignfull uagb-is-root-container\"><div class=\"uagb-container-inner-blocks-wrap\">\n<div class=\"wp-block-uagb-container uagb-block-ca3b4611\">\n<div class=\"wp-block-uagb-image aligncenter uagb-block-ef476182 wp-block-uagb-image--layout-overlay wp-block-uagb-image--effect-static wp-block-uagb-image--align-center\"><figure class=\"wp-block-uagb-image__figure\"><img decoding=\"async\" srcset=\"https:\/\/neubachverlag.de\/wp-content\/uploads\/2024\/05\/Lea-Lessek-200x300.jpg ,https:\/\/neubachverlag.de\/wp-content\/uploads\/2024\/05\/Lea-Lessek.jpg 780w, https:\/\/neubachverlag.de\/wp-content\/uploads\/2024\/05\/Lea-Lessek.jpg 360w\" sizes=\"auto, (max-width: 480px) 150px\" src=\"https:\/\/neubachverlag.de\/wp-content\/uploads\/2024\/05\/Lea-Lessek-200x300.jpg\" alt=\"\" class=\"uag-image-371\" width=\"200\" height=\"300\" title=\"\" loading=\"lazy\" role=\"img\"\/><div class=\"wp-block-uagb-image--layout-overlay__color-wrapper\"><\/div><div class=\"wp-block-uagb-image--layout-overlay__inner center-center\"><h2 class=\"uagb-image-heading\">Lea Lessek<\/h2><figcaption class=\"uagb-image-caption\">Kinder- und Jugendb\u00fccher<\/figcaption><\/div><\/figure><\/div>\n\n\n\n<hr class=\"wp-block-separator aligncenter has-alpha-channel-opacity\"\/>\n\n\n\n<p class=\"has-text-align-center\">Lea Lessek wurde 1985 in Dormagen geboren. Nachdem sie bereits in ihrer Jugend zahlreiche Zeitungsartikel verfasst hatte, entschied sie sich 2020, ihr erstes Buch zu ver\u00f6ffentlichen. Inzwischen ver\u00f6ffentlicht sie \u00fcber den Neubachverlag. Lea Lessek ist Fachkraft f\u00fcr Inklusion, verheiratet, stolze Mutter dreier T\u00f6chter und aktive Sportlerin.<\/p>\n\n\n\n<p class=\"has-text-align-center\"><a href=\"mailto:l.lessek@neubachverlag.de\">l.lessek@neubachverlag.de<\/a><\/p>\n\n\n\n<hr class=\"wp-block-separator aligncenter has-alpha-channel-opacity\"\/>\n\n\n\n<p><\/p>\n<\/div>\n\n\n\n<div class=\"wp-block-uagb-container uagb-block-33a21319\">\n<div class=\"wp-block-uagb-image aligncenter uagb-block-1e22a50f wp-block-uagb-image--layout-overlay wp-block-uagb-image--effect-static wp-block-uagb-image--align-center\"><figure class=\"wp-block-uagb-image__figure\"><img decoding=\"async\" srcset=\"https:\/\/neubachverlag.de\/wp-content\/uploads\/2024\/05\/Alex-Riedel-200x300.jpg ,https:\/\/neubachverlag.de\/wp-content\/uploads\/2024\/05\/Alex-Riedel.jpg 780w, https:\/\/neubachverlag.de\/wp-content\/uploads\/2024\/05\/Alex-Riedel.jpg 360w\" sizes=\"auto, (max-width: 480px) 150px\" src=\"https:\/\/neubachverlag.de\/wp-content\/uploads\/2024\/05\/Alex-Riedel-200x300.jpg\" alt=\"\" class=\"uag-image-373\" width=\"200\" height=\"300\" title=\"\" loading=\"lazy\" role=\"img\"\/><div class=\"wp-block-uagb-image--layout-overlay__color-wrapper\"><\/div><div class=\"wp-block-uagb-image--layout-overlay__inner center-center\"><h2 class=\"uagb-image-heading\">Alexandra Riedel<\/h2><figcaption class=\"uagb-image-caption\">Kinderb\u00fccher<\/figcaption><\/div><\/figure><\/div>\n\n\n\n<hr class=\"wp-block-separator aligncenter has-alpha-channel-opacity\"\/>\n\n\n\n<p class=\"has-text-align-center\">Alexandra Riedel wohnt seit ihrer Geburt im Jahr 1980 in der Klingenstadt Solingen im \u201eBergischen Land\u201c. Sie zeichnet seit sie einen Stift halten kann und schreibt, seit sie schreiben kann. Jetzt endlich kommt beides zusammen in ihrem ersten Bilderbuch \u201eKleine Regenwolke Nimbus\u201c.<br><\/p>\n\n\n\n<p><\/p>\n\n\n\n<p class=\"has-text-align-center\"><a href=\"mailto:a.riedel@neubachverlag.de\">a.riedel@neubachverlag.de<\/a><\/p>\n\n\n\n<hr class=\"wp-block-separator aligncenter has-alpha-channel-opacity\"\/>\n\n\n\n<p><\/p>\n<\/div>\n\n\n\n<div class=\"wp-block-uagb-container uagb-block-25cfa71d\">\n<div class=\"wp-block-uagb-image aligncenter uagb-block-cb57a504 wp-block-uagb-image--layout-overlay wp-block-uagb-image--effect-static wp-block-uagb-image--align-center\"><figure class=\"wp-block-uagb-image__figure\"><img decoding=\"async\" srcset=\"https:\/\/neubachverlag.de\/wp-content\/uploads\/2025\/03\/Sylvia-200x300.jpg ,https:\/\/neubachverlag.de\/wp-content\/uploads\/2025\/03\/Sylvia.jpg 780w, https:\/\/neubachverlag.de\/wp-content\/uploads\/2025\/03\/Sylvia.jpg 360w\" sizes=\"auto, (max-width: 480px) 150px\" src=\"https:\/\/neubachverlag.de\/wp-content\/uploads\/2025\/03\/Sylvia-200x300.jpg\" alt=\"\" class=\"uag-image-933\" width=\"200\" height=\"300\" title=\"Sylvia\" loading=\"lazy\" role=\"img\"\/><div class=\"wp-block-uagb-image--layout-overlay__color-wrapper\"><\/div><div class=\"wp-block-uagb-image--layout-overlay__inner center-center\"><h2 class=\"uagb-image-heading\">Sylvia Rietdorff<\/h2><figcaption class=\"uagb-image-caption\">Belletristik ab 16<\/figcaption><\/div><\/figure><\/div>\n\n\n\n<hr class=\"wp-block-separator aligncenter has-alpha-channel-opacity\"\/>\n\n\n\n<p class=\"has-text-align-center\">Silvia Rietdorff wuchs in Berlin und Norddeutschland auf.  In den 1980er Jahren zog sie zur\u00fcck nach Berlin. Sie war Mitglied in einer Band, gewann einige Talentwettbewerbe und arbeitete als freie Journalistin. Seit 2000 widmet sie sich dem Schreiben und ist u. a. auch Independent-Filmerin.<br><\/p>\n\n\n\n<p><\/p>\n\n\n\n<p class=\"has-text-align-center\"><a href=\"mailto:s.rietdorffl@neubachverlag.de\">s.rietdorff@neubachverlag.de<\/a><\/p>\n\n\n\n<hr class=\"wp-block-separator aligncenter has-alpha-channel-opacity\"\/>\n\n\n\n<p><\/p>\n<\/div>\n<\/div><\/div>\n\n\n\n<div class=\"wp-block-uagb-container uagb-block-1d03d86a alignfull uagb-is-root-container\"><div class=\"uagb-container-inner-blocks-wrap\">\n<div class=\"wp-block-uagb-container uagb-block-f5469eed\">\n<div class=\"wp-block-uagb-image aligncenter uagb-block-11692ea3 wp-block-uagb-image--layout-overlay wp-block-uagb-image--effect-static wp-block-uagb-image--align-center\"><figure class=\"wp-block-uagb-image__figure\"><img decoding=\"async\" srcset=\"https:\/\/neubachverlag.de\/wp-content\/uploads\/2024\/05\/Alois-Dallinger1-200x300.jpg ,https:\/\/neubachverlag.de\/wp-content\/uploads\/2024\/05\/Alois-Dallinger1.jpg 780w, https:\/\/neubachverlag.de\/wp-content\/uploads\/2024\/05\/Alois-Dallinger1.jpg 360w\" sizes=\"auto, (max-width: 480px) 150px\" src=\"https:\/\/neubachverlag.de\/wp-content\/uploads\/2024\/05\/Alois-Dallinger1-200x300.jpg\" alt=\"\" class=\"uag-image-398\" width=\"200\" height=\"300\" title=\"Alois-Dallinger1\" loading=\"lazy\" role=\"img\"\/><div class=\"wp-block-uagb-image--layout-overlay__color-wrapper\"><\/div><div class=\"wp-block-uagb-image--layout-overlay__inner center-center\"><h2 class=\"uagb-image-heading\">Alois Dallinger<\/h2><figcaption class=\"uagb-image-caption\">Kinderb\u00fccher<\/figcaption><\/div><\/figure><\/div>\n\n\n\n<hr class=\"wp-block-separator has-alpha-channel-opacity\"\/>\n\n\n\n<p class=\"has-text-align-center\">Alois Dallinger wurde 1970 in Freilassing geboren. Er hat bereits mehrere B\u00fccher im Bereich Wellness und Massage, durch sein Fachwissen als Friseurmeister und Kosmetiker, ver\u00f6ffentlicht. Reisen, Fotografie, Kunst und Kultur sind seine gro\u00dfen Leidenschaften. <br>Mit \u201eLina und Luis entdecken die Welt\u201c betritt er das Neuland der Kinderbuchautoren. \u201eBeim Friseur\u201c ist der erste Teil einer Reihe, in der Berufe kindgerecht erkl\u00e4rt werden.<\/p>\n\n\n\n<p class=\"has-text-align-center\"><a href=\"mailto:a.dallinger@neubachverlag.de\">a.dallinger@neubachverlag.de<\/a><\/p>\n\n\n\n<hr class=\"wp-block-separator has-alpha-channel-opacity\"\/>\n<\/div>\n\n\n\n<div class=\"wp-block-uagb-container uagb-block-b2264ab7\">\n<div class=\"wp-block-uagb-image aligncenter uagb-block-7ed5719b wp-block-uagb-image--layout-overlay wp-block-uagb-image--effect-static wp-block-uagb-image--align-center\"><figure class=\"wp-block-uagb-image__figure\"><img decoding=\"async\" srcset=\"https:\/\/neubachverlag.de\/wp-content\/uploads\/2024\/05\/Katrin-Bunge1-200x300.jpg ,https:\/\/neubachverlag.de\/wp-content\/uploads\/2024\/05\/Katrin-Bunge1.jpg 780w, https:\/\/neubachverlag.de\/wp-content\/uploads\/2024\/05\/Katrin-Bunge1.jpg 360w\" sizes=\"auto, (max-width: 480px) 150px\" src=\"https:\/\/neubachverlag.de\/wp-content\/uploads\/2024\/05\/Katrin-Bunge1-200x300.jpg\" alt=\"\" class=\"uag-image-485\" width=\"200\" height=\"300\" title=\"Katrin-Bunge1\" loading=\"lazy\" role=\"img\"\/><div class=\"wp-block-uagb-image--layout-overlay__color-wrapper\"><\/div><div class=\"wp-block-uagb-image--layout-overlay__inner center-center\"><h2 class=\"uagb-image-heading\">Katrin Bunge<\/h2><figcaption class=\"uagb-image-caption\">Jugendb\u00fccher<\/figcaption><\/div><\/figure><\/div>\n\n\n\n<hr class=\"wp-block-separator has-alpha-channel-opacity\"\/>\n\n\n\n<p class=\"has-text-align-center\">Katrin Bunge, geboren 1990, lebt mit ihrem Mann und zwei Kindern in B\u00fcnde. Ihre kreative Ader zeigte sich schon fr\u00fch. Schon seit ihrer Jugend schreibt sie Kurzgeschichten und Gedichte.<br>Ihr Deb\u00fctroman &#8222;Nevedis &#8211; Das Erwachen&#8220; markiert den Anfang ihrer literarischen Reise.<br>Sie liest, malt, singt, geht gerne spazieren und taucht in die Welt der Videospiele ein. Ebenso konnte sie bereits auf Familienfesten mit ihrer Gesangstimme begeistern.<\/p>\n\n\n\n<p class=\"has-text-align-center\"><a href=\"mailto:k.bunge@neubachverlag.de\">k.bunge@neubachverlag.de<\/a><\/p>\n\n\n\n<hr class=\"wp-block-separator has-alpha-channel-opacity\"\/>\n<\/div>\n\n\n\n<div class=\"wp-block-uagb-container uagb-block-a77259fb\">\n<div class=\"wp-block-uagb-image aligncenter uagb-block-d8f7ed07 wp-block-uagb-image--layout-overlay wp-block-uagb-image--effect-static wp-block-uagb-image--align-center\"><figure class=\"wp-block-uagb-image__figure\"><img decoding=\"async\" srcset=\"https:\/\/neubachverlag.de\/wp-content\/uploads\/2024\/11\/Martina-Frason-200x300.jpg ,https:\/\/neubachverlag.de\/wp-content\/uploads\/2024\/11\/Martina-Frason.jpg 780w, https:\/\/neubachverlag.de\/wp-content\/uploads\/2024\/11\/Martina-Frason.jpg 360w\" sizes=\"auto, (max-width: 480px) 150px\" src=\"https:\/\/neubachverlag.de\/wp-content\/uploads\/2024\/11\/Martina-Frason-200x300.jpg\" alt=\"\" class=\"uag-image-873\" width=\"200\" height=\"300\" title=\"Martina Frason\" loading=\"lazy\" role=\"img\"\/><div class=\"wp-block-uagb-image--layout-overlay__color-wrapper\"><\/div><div class=\"wp-block-uagb-image--layout-overlay__inner center-center\"><h2 class=\"uagb-image-heading\">Martina Frason<\/h2><figcaption class=\"uagb-image-caption\">Biografie, Jung Adult, Belletristik ab 16<\/figcaption><\/div><\/figure><\/div>\n\n\n\n<hr class=\"wp-block-separator has-alpha-channel-opacity\"\/>\n\n\n\n<p class=\"has-text-align-center\">Martina Frason wurde 1965 geboren und acht Wochen sp\u00e4ter adoptiert. Sie fand auf einem landwirtschaftlichen Anwesen in der N\u00e4he von K\u00f6ln ein neues Zuhause. Der Tipp eines lieben Kunden, ihr neues Selbstbewusstsein und ihr Adoptions-Schicksal motivieren die Unternehmerin zu ihrem Erstlingswerk \u00bbMatschef\u00fc\u00dfe\u00ab. Dadurch hat Martina ihre schlummernde Leidenschaft zur k\u00fcnstlerischen Kreativit\u00e4t wiederentdeckt. So schrieb sie trotz ihrer vielen Arbeit ihr erstes Buch.<\/p>\n\n\n\n<p class=\"has-text-align-center\"><a href=\"mailto:m.frason@neubachverlag.de\">m.frason@neubachverlag.de<\/a><\/p>\n\n\n\n<hr class=\"wp-block-separator has-alpha-channel-opacity\"\/>\n<\/div>\n<\/div><\/div>\n\n\n\n<div class=\"wp-block-uagb-container uagb-block-78b4924e alignfull uagb-is-root-container\"><div class=\"uagb-container-inner-blocks-wrap\">\n<div class=\"wp-block-uagb-container uagb-block-370ce1ef\">\n<div class=\"wp-block-uagb-image aligncenter uagb-block-7bf5fd47 wp-block-uagb-image--layout-overlay wp-block-uagb-image--effect-static wp-block-uagb-image--align-center\"><figure class=\"wp-block-uagb-image__figure\"><img decoding=\"async\" srcset=\"https:\/\/neubachverlag.de\/wp-content\/uploads\/2025\/03\/Frank-683x1024.jpg ,https:\/\/neubachverlag.de\/wp-content\/uploads\/2025\/03\/Frank.jpg 780w, https:\/\/neubachverlag.de\/wp-content\/uploads\/2025\/03\/Frank.jpg 360w\" sizes=\"auto, (max-width: 480px) 150px\" src=\"https:\/\/neubachverlag.de\/wp-content\/uploads\/2025\/03\/Frank-683x1024.jpg\" alt=\"\" class=\"uag-image-936\" width=\"200\" height=\"300\" title=\"Frank\" loading=\"lazy\" role=\"img\"\/><div class=\"wp-block-uagb-image--layout-overlay__color-wrapper\"><\/div><div class=\"wp-block-uagb-image--layout-overlay__inner center-center\"><h2 class=\"uagb-image-heading\">Frank Albers<\/h2><figcaption class=\"uagb-image-caption\">Kinderb\u00fccher<\/figcaption><\/div><\/figure><\/div>\n\n\n\n<hr class=\"wp-block-separator has-alpha-channel-opacity\"\/>\n\n\n\n<p class=\"has-text-align-center\">Frank Albers wurde 1971 in Rheine (NRW) geboren und war schon seit fr\u00fchester Kindheit eine Leseratte. Piraten, Detektive, Western, Fantasy und vieles mehr \u2013 nichts war vor ihm sicher. Alles wurde gelesen. Doch erst im zarten Alter von 47 Jahren, mittlerweile dreifacher Familienvater, reifte die Idee zu einem Buch. Das Leuchten der Kinderaugen bei Vorlesungen ist der Ansporn weiterzumachen, um noch viele Abenteuer f\u00fcr die Kinder zu schreiben.<\/p>\n\n\n\n<p class=\"has-text-align-center\"><a href=\"mailto:f.albers@neubachverlag.de\">f.albers@neubachverlag.de<\/a><\/p>\n\n\n\n<hr class=\"wp-block-separator has-alpha-channel-opacity\"\/>\n<\/div>\n\n\n\n<div class=\"wp-block-uagb-container uagb-block-c2fbc154\">\n<div class=\"wp-block-uagb-image aligncenter uagb-block-307672df wp-block-uagb-image--layout-overlay wp-block-uagb-image--effect-static wp-block-uagb-image--align-center\"><figure class=\"wp-block-uagb-image__figure\"><img decoding=\"async\" srcset=\"https:\/\/neubachverlag.de\/wp-content\/uploads\/2025\/03\/Ella-683x1024.jpg ,https:\/\/neubachverlag.de\/wp-content\/uploads\/2025\/03\/Ella.jpg 780w, https:\/\/neubachverlag.de\/wp-content\/uploads\/2025\/03\/Ella.jpg 360w\" sizes=\"auto, (max-width: 480px) 150px\" src=\"https:\/\/neubachverlag.de\/wp-content\/uploads\/2025\/03\/Ella-683x1024.jpg\" alt=\"\" class=\"uag-image-937\" width=\"200\" height=\"300\" title=\"Ella\" loading=\"lazy\" role=\"img\"\/><div class=\"wp-block-uagb-image--layout-overlay__color-wrapper\"><\/div><div class=\"wp-block-uagb-image--layout-overlay__inner center-center\"><h2 class=\"uagb-image-heading\">Ella Michel<\/h2><figcaption class=\"uagb-image-caption\">Kinderb\u00fccher<\/figcaption><\/div><\/figure><\/div>\n\n\n\n<hr class=\"wp-block-separator has-alpha-channel-opacity\"\/>\n\n\n\n<p class=\"has-text-align-center\">Die Autorin Ella Michel ist Jahrgang 1967, lebt im Ruhrgebiet, hat zwei Kinder und inzwischen auch Enkel. &#8222;Storch im Gl\u00fcck&#8220; ist ihr erstes Kinderbuch. Da sie bereits im Bereich Fantasy und Romantasy f\u00fcr Erwachsene t\u00e4tig ist, hat sie sich entschieden, f\u00fcr ihre Kinderb\u00fccher ein Pseudonym zu benutzen. Nachdem ihre Mutter an Demenz erkrankt war, versuchte sie anhand ihrer Geschichte ihren Enkeln zu erkl\u00e4ren, was Demenz eigentlich bedeutet. So entstand ihr erstes Kinderbuch.<\/p>\n\n\n\n<p class=\"has-text-align-center\"><a href=\"mailto:e.michel@neubachverlag.de\">e.michel@neubachverlag.de<\/a><\/p>\n\n\n\n<hr class=\"wp-block-separator has-alpha-channel-opacity\"\/>\n<\/div>\n\n\n\n<div class=\"wp-block-uagb-container uagb-block-3a1275fe\">\n<div class=\"wp-block-uagb-image aligncenter uagb-block-2b4d12b9 wp-block-uagb-image--layout-overlay wp-block-uagb-image--effect-static wp-block-uagb-image--align-center\"><figure class=\"wp-block-uagb-image__figure\"><img decoding=\"async\" srcset=\"https:\/\/neubachverlag.de\/wp-content\/uploads\/2025\/12\/moritz-200x300.jpg ,https:\/\/neubachverlag.de\/wp-content\/uploads\/2025\/12\/moritz.jpg 780w, https:\/\/neubachverlag.de\/wp-content\/uploads\/2025\/12\/moritz.jpg 360w\" sizes=\"auto, (max-width: 480px) 150px\" src=\"https:\/\/neubachverlag.de\/wp-content\/uploads\/2025\/12\/moritz-200x300.jpg\" alt=\"\" class=\"uag-image-1111\" width=\"200\" height=\"300\" title=\"moritz\" loading=\"lazy\" role=\"img\"\/><div class=\"wp-block-uagb-image--layout-overlay__color-wrapper\"><\/div><div class=\"wp-block-uagb-image--layout-overlay__inner center-center\"><h2 class=\"uagb-image-heading\">Moritz Lange<\/h2><figcaption class=\"uagb-image-caption\">Kinderb\u00fccher<\/figcaption><\/div><\/figure><\/div>\n\n\n\n<hr class=\"wp-block-separator has-alpha-channel-opacity\"\/>\n\n\n\n<p class=\"has-text-align-center\">Moritz Lange wurde 1973 in Brake an der Weser geboren. Er schreibt seit seiner Schulzeit Kurzgeschichten f\u00fcr Kinder und Jugendliche, die es ein ums andere Mal in die Sch\u00fclerzeitung schafften. Sp\u00e4ter ver\u00f6ffentlichte er seine sechsb\u00e4ndige Gedichtreihe \u201eEinfach mal gedichtet\u201c und schrieb Fan Fiction f\u00fcr das Pen &amp; Paper Rollenspiel \u201eDas Schwarze Auge\u201c. Als gelernter Wirtschaftsassistent macht er auch am PC eine gute Figur. Seine Hobbys sind: Fotografieren, Reisen, Kunst und Kultur.<\/p>\n\n\n\n<p class=\"has-text-align-center\"><a href=\"mailto:m.lange@neubachverlag.de\">m.lange@neubachverlag.de<\/a><\/p>\n\n\n\n<hr class=\"wp-block-separator has-alpha-channel-opacity\"\/>\n<\/div>\n<\/div><\/div>\n","protected":false},"excerpt":{"rendered":"<p>Lea Lessek wurde 1985 in Dormagen geboren. Nachdem sie bereits in ihrer Jugend zahlreiche Zeitungsartikel verfasst hatte, entschied sie sich 2020, ihr erstes Buch zu ver\u00f6ffentlichen. Inzwischen ver\u00f6ffentlicht sie \u00fcber den Neubachverlag. Lea Lessek ist Fachkraft f\u00fcr Inklusion, verheiratet, stolze Mutter dreier T\u00f6chter und aktive Sportlerin. l.lessek@neubachverlag.de Alexandra Riedel wohnt seit ihrer Geburt im Jahr 1980 in der Klingenstadt Solingen im \u201eBergischen Land\u201c. Sie zeichnet seit sie einen Stift halten kann und schreibt, seit sie schreiben kann. Jetzt endlich kommt beides zusammen in ihrem ersten Bilderbuch \u201eKleine Regenwolke Nimbus\u201c. a.riedel@neubachverlag.de Silvia Rietdorff wuchs in Berlin und Norddeutschland auf. In den 1980er Jahren zog sie zur\u00fcck nach Berlin. Sie war Mitglied in einer Band, gewann einige Talentwettbewerbe und arbeitete als freie Journalistin. Seit 2000 widmet sie sich dem Schreiben und ist u. a. auch Independent-Filmerin. s.rietdorff@neubachverlag.de Alois Dallinger wurde 1970 in Freilassing geboren. Er hat bereits mehrere B\u00fccher im Bereich Wellness und Massage, durch sein Fachwissen als Friseurmeister und Kosmetiker, ver\u00f6ffentlicht. Reisen, Fotografie, Kunst und Kultur sind seine gro\u00dfen Leidenschaften. Mit \u201eLina und Luis entdecken die Welt\u201c betritt er das Neuland der Kinderbuchautoren. \u201eBeim Friseur\u201c ist der erste Teil einer Reihe, in der Berufe kindgerecht erkl\u00e4rt werden. a.dallinger@neubachverlag.de Katrin Bunge, geboren 1990, lebt mit ihrem Mann und zwei Kindern in B\u00fcnde. Ihre kreative Ader zeigte sich schon fr\u00fch. Schon seit ihrer Jugend schreibt sie Kurzgeschichten und Gedichte.Ihr Deb\u00fctroman &#8222;Nevedis &#8211; Das Erwachen&#8220; markiert den Anfang ihrer literarischen Reise.Sie liest, malt, singt, geht gerne spazieren und taucht in die Welt der Videospiele ein. Ebenso konnte sie bereits auf Familienfesten mit ihrer Gesangstimme begeistern. k.bunge@neubachverlag.de Martina Frason wurde 1965 geboren und acht Wochen sp\u00e4ter adoptiert. Sie fand auf einem landwirtschaftlichen Anwesen in der N\u00e4he von K\u00f6ln ein neues Zuhause. Der Tipp eines lieben Kunden, ihr neues Selbstbewusstsein und ihr Adoptions-Schicksal motivieren die Unternehmerin zu ihrem Erstlingswerk \u00bbMatschef\u00fc\u00dfe\u00ab. Dadurch hat Martina ihre schlummernde Leidenschaft zur k\u00fcnstlerischen Kreativit\u00e4t wiederentdeckt. So schrieb sie trotz ihrer vielen Arbeit ihr erstes Buch. m.frason@neubachverlag.de Frank Albers wurde 1971 in Rheine (NRW) geboren und war schon seit fr\u00fchester Kindheit eine Leseratte. Piraten, Detektive, Western, Fantasy und vieles mehr \u2013 nichts war vor ihm sicher. Alles wurde gelesen. Doch erst im zarten Alter von 47 Jahren, mittlerweile dreifacher Familienvater, reifte die Idee zu einem Buch. Das Leuchten der Kinderaugen bei Vorlesungen ist der Ansporn weiterzumachen, um noch viele Abenteuer f\u00fcr die Kinder zu schreiben. f.albers@neubachverlag.de Die Autorin Ella Michel ist Jahrgang 1967, lebt im Ruhrgebiet, hat zwei Kinder und inzwischen auch Enkel. &#8222;Storch im Gl\u00fcck&#8220; ist ihr erstes Kinderbuch. Da sie bereits im Bereich Fantasy und Romantasy f\u00fcr Erwachsene t\u00e4tig ist, hat sie sich entschieden, f\u00fcr ihre Kinderb\u00fccher ein Pseudonym zu benutzen. Nachdem ihre Mutter an Demenz erkrankt war, versuchte sie anhand ihrer Geschichte ihren Enkeln zu erkl\u00e4ren, was Demenz eigentlich bedeutet. So entstand ihr erstes Kinderbuch. e.michel@neubachverlag.de Moritz Lange wurde 1973 in Brake an der Weser geboren. Er schreibt seit seiner Schulzeit Kurzgeschichten f\u00fcr Kinder und Jugendliche, die es ein ums andere Mal in die Sch\u00fclerzeitung schafften. Sp\u00e4ter ver\u00f6ffentlichte er seine sechsb\u00e4ndige Gedichtreihe \u201eEinfach mal gedichtet\u201c und schrieb Fan Fiction f\u00fcr das Pen &amp; Paper Rollenspiel \u201eDas Schwarze Auge\u201c. Als gelernter Wirtschaftsassistent macht er auch am PC eine gute Figur. Seine Hobbys sind: Fotografieren, Reisen, Kunst und Kultur. m.lange@neubachverlag.de<\/p>\n","protected":false},"author":1,"featured_media":0,"parent":0,"menu_order":0,"comment_status":"closed","ping_status":"closed","template":"","meta":{"ub_ctt_via":"","_coblocks_attr":"","_coblocks_dimensions":"","_coblocks_responsive_height":"","_coblocks_accordion_ie_support":"","_eb_attr":"","_uag_custom_page_level_css":"","advgb_blocks_editor_width":"","advgb_blocks_columns_visual_guide":"","_themeisle_gutenberg_block_has_review":false,"footnotes":""},"class_list":["post-365","page","type-page","status-publish","hentry"],"featured_image_src":null,"uagb_featured_image_src":{"full":false,"thumbnail":false,"medium":false,"medium_large":false,"large":false,"1536x1536":false,"2048x2048":false,"ashe-slider-grid-thumbnail":false,"ashe-full-thumbnail":false,"ashe-grid-thumbnail":false,"ashe-list-thumbnail":false,"ashe-single-navigation":false},"uagb_author_info":{"display_name":"danni","author_link":"https:\/\/neubachverlag.de\/?author=1"},"uagb_comment_info":0,"uagb_excerpt":"Lea Lessek wurde 1985 in Dormagen geboren. Nachdem sie bereits in ihrer Jugend zahlreiche Zeitungsartikel verfasst hatte, entschied sie sich 2020, ihr erstes Buch zu ver\u00f6ffentlichen. Inzwischen ver\u00f6ffentlicht sie \u00fcber den Neubachverlag. Lea Lessek ist Fachkraft f\u00fcr Inklusion, verheiratet, stolze Mutter dreier T\u00f6chter und aktive Sportlerin. l.lessek@neubachverlag.de Alexandra Riedel wohnt seit ihrer Geburt im Jahr&hellip;","coauthors":[],"author_meta":{"author_link":"https:\/\/neubachverlag.de\/?author=1","display_name":"danni"},"relative_dates":{"created":"Posted 2\u00a0Jahren ago","modified":"Updated 4\u00a0Monaten ago"},"absolute_dates":{"created":"Posted on 29. Mai 2024","modified":"Updated on 9. Dezember 2025"},"absolute_dates_time":{"created":"Posted on 29. Mai 2024 9:14","modified":"Updated on 9. Dezember 2025 6:41"},"featured_img_caption":"","featured_img":false,"series_order":"","acf":[],"_links":{"self":[{"href":"https:\/\/neubachverlag.de\/index.php?rest_route=\/wp\/v2\/pages\/365","targetHints":{"allow":["GET"]}}],"collection":[{"href":"https:\/\/neubachverlag.de\/index.php?rest_route=\/wp\/v2\/pages"}],"about":[{"href":"https:\/\/neubachverlag.de\/index.php?rest_route=\/wp\/v2\/types\/page"}],"author":[{"embeddable":true,"href":"https:\/\/neubachverlag.de\/index.php?rest_route=\/wp\/v2\/users\/1"}],"replies":[{"embeddable":true,"href":"https:\/\/neubachverlag.de\/index.php?rest_route=%2Fwp%2Fv2%2Fcomments&post=365"}],"version-history":[{"count":61,"href":"https:\/\/neubachverlag.de\/index.php?rest_route=\/wp\/v2\/pages\/365\/revisions"}],"predecessor-version":[{"id":1116,"href":"https:\/\/neubachverlag.de\/index.php?rest_route=\/wp\/v2\/pages\/365\/revisions\/1116"}],"wp:attachment":[{"href":"https:\/\/neubachverlag.de\/index.php?rest_route=%2Fwp%2Fv2%2Fmedia&parent=365"}],"curies":[{"name":"wp","href":"https:\/\/api.w.org\/{rel}","templated":true}]}}